30
Convert 1341034432 (base 5) to base 6.
202022121
What is -371355 (base 11) in base 6?
-20331230
-45511343 (base 6) to base 3
-2121210121000
What is -224520230 (base 6) in base 9?
-7721010
-521820 (base 9) to base 2
-1001011101000000010
Convert -165672 (base 9) to base 3.
-12012202102
What is -c3a7a (base 14) in base 8?
-1630374
What is -17763385 (base 9) in base 3?
-121212010102212
What is 1104205 (base 6) in base 2?
1101100001001101
What is 40323304 (base 5) in base 15?
65d1e
Convert 13200211010 (base 4) to base 13.
53bc85
Convert 43613 (base 11) to base 10.
63297
Convert 204733 (base 11) to base 15.
67424
360318 (base 12) to base 3
1122021021202
What is 10012120210 (base 3) in base 9?
105523
Convert 3217a (base 13) to base 12.
4434b
Convert 1536762 (base 8) to base 4.
1223313302
Convert -7de85 (base 16) to base 9.
-865378
Convert -23000003 (base 4) to base 11.
-30943
eb2e3 (base 15) to base 4
2312100222
89272 (base 12) to base 13
649a9
What is -122660 (base 8) in base 16?
-a5b0
157493 (base 13) to base 2
10000001011101100001
Convert 100023242 (base 5) to base 7.
3222540
Convert 81261 (base 11) to base 7.
1003156
Convert 8397e8 (base 16) to base 3.
121020011001021
What is 30a12 (base 15) in base 13?
55211
Convert 1039185 (base 10) to base 11.
64a834
Convert -1211222121211 (base 3) to base 6.
-33030551
What is -783d2 (base 15) in base 16?
-5d527
Convert -153d3 (base 15) to base 12.
-33699
What is 10552630 (base 7) in base 8?
3406010
-2200221022 (base 3) to base 9
-80838
Convert 465cb0 (base 14) to base 11.
1398737
Convert a58c66 (base 15) to base 10.
7876671
Convert -11861 (base 13) to base 5.
-2012224
Convert -35b39 (base 16) to base 15.
-45291
What is 2d0585 (base 16) in base 15?
3d4373
Convert -963a60 (base 15) to base 16.
-6d1bfe
What is -274390 (base 14) in base 12?
-554a4a
What is -30003202 (base 5) in base 14?
-617d8
What is -12dc (base 15) in base 7?
-14520
What is 5753433 (base 9) in base 13?
84990c
Convert -1178268 (base 9) to base 14.
-12a1cd
What is 120323031030 (base 4) in base 5?
3133041324
Convert 7580065 (base 9) to base 8.
17411047
What is -893274 (base 11) in base 9?
-2611030
What is 22706a (base 11) in base 2?
1011000000101001001
-76337 (base 12) to base 2
-100110000101011011
What is -1313244211 (base 5) in base 10?
-3259306
89b3d (base 15) to base 13
124423
What is -575564 (base 8) in base 13?
-6ac62
What is -1121020023 (base 4) in base 2?
-1011001001000001011
b08793 (base 12) to base 11
160a765
What is 3213412 (base 6) in base 5?
20020431
14004220 (base 5) to base 8
423601
20321221022 (base 4) to base 16
239a4a
What is -12121315 (base 6) in base 12?
-16623b
-212021201211 (base 3) to base 10
-458347
Convert 487040 (base 10) to base 11.
302a14
Convert 24145211 (base 7) to base 11.
1236291
-a90906 (base 12) to base 5
-1141114441
What is -418eac (base 16) in base 3?
-22002021111121
-3115266 (base 7) to base 10
-374016
What is 3b01772 (base 12) in base 11?
666a909
Convert 34803 (base 13) to base 15.
1d5d6
Convert 67027 (base 8) to base 16.
6e17
What is 856ac (base 14) in base 12?
136688
-753037 (base 12) to base 3
-10111000201121
100110100001001011 (base 2) to base 16
2684b
What is -13312447 (base 8) in base 13?
-807947
-2699405 (base 10) to base 3
-12002010212222
-1d10b8 (base 15) to base 16
-15aef8
What is 6862237 (base 11) in base 7?
204033251
Convert 916362 (base 11) to base 4.
11213200011
971b6 (base 13) to base 11
176a11
Convert 56802c (base 14) to base 10.
2941608
Convert 11110000101100110111 (base 2) to base 5.
223022121
What is -2064 (base 13) in base 3?
-20010210
What is 2c5e28 (base 15) in base 5?
1022140223
What is 24c4b5 (base 14) in base 9?
2334676
Convert 2032013032 (base 4) to base 5.
122111334
What is -1d9327 (base 15) in base 3?
-2201121002101
-41645074 (base 8) to base 16
-874a3c
Convert -60169 (base 16) to base 9.
-658787
What is -110220012221 (base 3) in base 6?
-5235124
185b04 (base 13) to base 6
21044125
2023574 (base 11) to base 15
4a9d23
What is -2266530 (base 10) in base 14?
-42ddd0
-47471c (base 16) to base 4
-101310130130
Convert a7d (base 15) to base 12.
1454
-519789 (base 13) to base 5
-441443340
-4073745 (base 8) to base 14
-201469
4214296 (base 11) to base 7
120066616
Convert -2010210121 (base 4) to base 16.
-84919
What is 1833024 (base 10) in base 2?
110111111100001000000
-1327bb7 (base 13) to base 3
-102022121022010
-163d77 (base 14) to base 9
-1416773
Convert 13c611 (base 13) to base 9.
817376
What is -544503 (base 8) in base 16?
-2c943
-92188 (base 11) to base 14
-370da
Convert -262d0 (base 15) to base 2.
-11101110100100001
-43fc2 (base 16) to base 11
-180241
Convert 7d9073 (base 15) to base 10.
6004233
Convert 2974164 (base 10) to base 8.
13260724
-15aa885 (base 11) to base 5
-1200100342
-547a874 (base 12) to base 10
-16088920
-42036 (base 8) to base 11
-12113
Convert -4006406 (base 7) to base 12.
-1a9788
-509137 (base 12) to base 2
-100110011100101111011
What is 103131333 (base 5) in base 13?
126683
Convert 22310221113 (base 4) to base 7.
33054240
-101255504 (base 6) to base 3
-10021212221211
What is -1102232010 (base 4) in base 6?
-11132340
77752 (base 12) to base 11
a8a46
-745668 (base 10) to base 7
-6223650
What is -31202013202 (base 4) in base 2?
-1101100010000111100010
Convert -11264357 (base 8) to base 7.
-26560541
What is 17367784 (base 9) in base 10?
8725315
What is -74b14 (base 13) in base 12?
-a1a53
-703024 (base 11) to base 7
-12421321
Convert 11531402 (base 7) to base 16.
fc30b
What is -15514012 (base 6) in base 11?
-349477
What is -43102031 (base 5) in base 10?
-362766
Convert -12231240 (base 5) to base 6.
-2304515
What is -143111033 (base 6) in base 3?
-12112210202210
Convert 22201122001 (base 3) to base 2.
101001111011111111
-312100 (base 8) to base 12
-4ba80
Convert 14210230 (base 7) to base 11.
8294aa
What is 30141344 (base 5) in base 12?
b7028
Convert 5400a6 (base 12) to base 10.
1327230
Convert -2313210142 (base 5) to base 13.
-110558b
-1d01a (base 14) to base 7
-426033
What is -2b2cd6 (base 14) in base 6?
-52141220
Convert 10202020200010 (base 3) to base 13.
54a0cb
4ab19d (base 16) to base 14
915d25
144331513 (base 6) to base 2
1011011111101111100101
-13396a (base 15) to base 12
-386524
What is -222021 (base 3) in base 2?
-1011000101
Convert -111930 (base 11) to base 4.
-223133201
Convert 124179 (base 11) to base 16.
2fd18
What is -446a5 (base 14) in base 8?
-504111
-2c89 (base 13) to base 12
-3947
Convert 1020222021001 (base 3) to base 6.
22155431
-34245133 (base 6) to base 10
-1048305
-52644635 (base 7) to base 2
-10001000010000111111111
Convert -2c784 (base 15) to base 3.
-21021202221
Convert 7a2a8e (base 15) to base 11.
3322a18
63871 (base 10) to base 4
33211333
Convert -3002322021 (base 4) to base 2.
-11000010111010001001
Convert 100b5 (base 14) to base 13.
14734
What is 391554 (base 14) in base 12?
7a8006
What is ddab (base 14) in base 7?
216604
What is 714711 (base 8) in base 10?
235977
What is b6c093 (base 14) in base 11?
3540924
What is 22ed07 (base 16) in base 14?
438211
-43014512 (base 6) to base 16
-1341ec
-5345657 (base 8) to base 2
-101011100101110101111
What is 101101000011000010 (base 2) in base 14?
4b358
Convert 7038493 (base 10) to base 15.
94072d
Convert 2b198 (base 15) to base 5.
13414433
Convert 247611 (base 12) to base 16.
90ead
-348763 (base 9) to base 5
-23203342
What is 1024142403 (base 5) in base 8?
10235475
What is 11010011011111111000110 (base 2) in base 9?
14032615
Convert 103312232 (base 4) to base 7.
456050
What is 560303 (base 7) in base 2?
11000000100011111
Convert -83758 (base 11) to base 15.
-26256
Convert -3346230 (base 9) to base 6.
-102343513
Convert 52406521 (base 7) to base 3.
22022200121111
What is -9a9218 (base 15) in base 7?
-116441114
Convert -4a3bb7 (base 12) to base 9.
-2243224
What is -126bc (base 15) in base 6?
-1132410
1b049 (base 15) to base 2
10101011100001011
Convert -5781df (base 16) to base 5.
-2432004004
Convert -189495 (base 12) to base 16.
-69371
What is -691389 (base 11) in base 9?
-2055653
Convert b069b8 (base 16) to base 11.
6587284
Convert -8440a6 (base 11) to base 9.
-2481140
-122409 (base 10) to base 9
-205820
What is -36204 (base 11) in base 9?
-78480
Convert -2715630 (base 8) to base 4.
-2321232120
